- j, -z = 2*y - 13. Suppose 0 = y*f - 320 - 430. What is the tens digit of f?
5
Let q = -97 + 102. Suppose -h - 3412 = -q*h - 4*d, -d = -2. What is the units digit of h?
1
Suppose -5*p - 4*s = -40 - 27, -2*p + s + 19 = 0. Suppose -p*i - x + 1385 = -8*i, 2275 = 5*i - 5*x. What is the units digit of i?
0
Let x(f) = 176*f**2 - 2*f - 5. Suppose 0 = 32*l + 17*l + 147. What is the thousands digit of x(l)?
1
Let j = -1231 - -2364. Let z = j - 798. What is the units digit of z?
5
Suppose -o = 4*g - 2*o - 64298, 3*o = 2*g - 32164. What is the units digit of g?
3
Suppose 4*h - 10 = 4*c + 10, 2*c + 4 = -4*h. What is the hundreds digit of (-5)/h - (2688/(-4))/1?
6
What is the hundreds digit of 12493/(-143)*-218 + (164/44 - 4)?
0
Let y = -1041 - -1042. What is the units digit of (y - -18)/(7/1190*10)?
3
Let h(p) = 2*p**3 + 14*p**2 + 5*p - 185. What is the units digit of h(17)?
2
Let l = 2283 + -535. What is the tens digit of l?
4
Let w be (1*57)/(67 - 70). Let d(x) = -45*x - 152. What is the units digit of d(w)?
3
Let d be 488/16*(2 - 0). Suppose -4*u + 39 = -3*y - 74, -2*u = 3*y - d. Suppose u = 5*o - 326. What is the units digit of o?
1
Suppose -a + 56 = -4*w, -5*a = 3*w + 67 - 232. Let o = a - 32. What is the units digit of 48 - -6*o/(-6)?
4
Let u(y) = -21 - 2*y - 14 + 9 + 3*y**2. What is the tens digit of u(6)?
7
Let i(n) = -48*n + 9. Suppose 0 = 2*s - o - 15, 3*s - 10 = -o - 0*o. Suppose -5*h + 5*t = -s, -3*h + 11 = -4*h - 3*t. What is the tens digit of i(h)?
0
Suppose 2365505 - 1527785 = -120*s + 7283040. What is the units digit of s?
1
Let p(q) = -278*q**3 + 2*q**2 - 1. Let o be p(1). Suppose 0 = -2*j + 4*c - 178 + 24, 0 = -4*j - 5*c - 321. Let l = j - o. What is the hundreds digit of l?
1
Let v be (-2)/2*(-15 + 10). Suppose 5*i + 4 - 29 = 0, -v*x - i = -1825. What is the hundreds digit of x?
3
Let t be -3*20/(-6) - 0. Let y(b) = b**3 - 6*b**2 - 38*b + 2. Let x be y(9). What is the units digit of (-6 + t + x)*2/(-3)?
2
Let x(y) = 3720*y - 2725. What is the ten thousands digit of x(5)?
1
Let z(g) = 6*g**2 - 45*g + 291. What is the units digit of z(24)?
7
Let c = 214 - 186. Suppose -16 = -l + c. What is the units digit of l?
4
Let c(z) = -223*z + 223*z + 1 - 2*z**3 + 7*z**3 - 2*z**2. Let n be c(-1). What is the tens digit of 105 + (-3 - (n + 3))/2?
0
Suppose -123*y = -1564131 - 296404 + 17134. What is the hundreds digit of y?
9
Let y = 1737 - -971. What is the hundreds digit of y?
7
Let q(n) = -3*n**3 - 2*n**2 - n + 15. Let a be q(-5). Let w = a - 343. What is the units digit of w?
2
What is the thousands digit of ((-2 - -5) + -4)/((-13)/661778)?
0
Let n(t) = -22*t + 17*t**2 + 2*t**2 - 30*t**2 + 16*t**2 - 23. What is the tens digit of n(13)?
3
Let o(z) = z**3 + 18*z**2 - 9*z - 42. Suppose 0 = 5*n - 2*n - 3*j + 27, n - 6 = 4*j. What is the units digit of o(n)?
8
Suppose 0*g - 5*g = -3*o + 5, -2*g - o = -9. Let t(r) = 14 - g*r**2 + 7*r - 3*r**2 + 2*r**2 + 4*r**2. What is the units digit of t(-9)?
2
Suppose -9*l + 3 = 48. Let j be l + 2 + (-15)/(-3). What is the units digit of 2*1/j - -1*55?
6
Let w = -3962 - -4980. What is the thousands digit of w?
1
Let y(h) = -75*h - 6. Let z be y(-2). Let q = z - -10. Suppose -q + 4 = -6*s. What is the units digit of s?
5
Suppose 5*h = 4*i - 3083, -5*h - 4*i + 1226 = -7*h. Let z = h - -1425. What is the units digit of z?
6
Let a(u) = -2*u**2 - 4*u + 5. Let q be a(-2). What is the units digit of q/(-25) - (-3367)/35?
6
Suppose -35583 = 11*h + 4*i - 164776, 3*h - 35223 = -3*i. What is the units digit of h?
7
Let n(d) be the third derivative of -d**6/120 + d**4 + 2*d**3/3 - 8*d**2. What is the tens digit of n(-8)?
2
Let b(s) = -15 - 4*s**2 - 17*s + 2 + 5*s**2 + 4*s - 13. What is the hundreds digit of b(35)?
7
Suppose v - 2*z + 28 = -4*v, -2*v - 5*z + 12 = 0. Let j be -36*10/v*(-7 - -8). Suppose -3*s + 4*h + j = -2*s, 2*h + 504 = 5*s. What is the units digit of s?
2
Suppose 18*p - 309961 = -111151. What is the hundreds digit of p?
0
Suppose 0 = 5*t - t - 8. Let x(y) = 2*y - 4. Let i be x(t). Suppose i = -3*h - 31 + 46. What is the units digit of h?
5
Suppose -5*p - 85 = 190. Let w = p - -560. Let i = w + -271. What is the tens digit of i?
3
Let b(r) = -3046*r**2 + r + 3. Let x = -67 + 66. Let j be b(x). What is the tens digit of j/(-20) - 4/20?
5
Suppose 0 = 5*v + 10*r - 15075, -5*v + 15*r - 11*r + 15145 = 0. What is the units digit of v?
5
Suppose -37 = -2*u + 39. What is the units digit of (19/u)/(1/(-4)) + 61?
9
Let c(n) be the first derivative of n**5/24 + 47*n**4/24 - n**3 + 10. Let b(p) be the third derivative of c(p). What is the units digit of b(19)?
2
Suppose 256 = -0*u + u. Suppose 7*j + u = 1159. What is the units digit of j?
9
Suppose 5*r - 4*r = 15. Suppose 2 + r = -3*j - 5*l, 0 = l - 2. Let i(h) = -9*h + 16. What is the units digit of i(j)?
7
Suppose 13*f = -f + 23772. Let r = -617 + f. What is the thousands digit of r?
1
Let c be (-65)/(-15) - 4/(-6). Suppose 2*s - c - 1 = 0. What is the units digit of 53 - 0*s/6?
3
Suppose 2*p - 23 = -5*t + 3, 0 = t + 2*p - 2. Let l be t/(-9)*3 - -6. Suppose -y = -i - 88, 3*y + 0*i - l*i - 266 = 0. What is the units digit of y?
6
Let l(i) = -7380*i - 1923. What is the thousands digit of l(-5)?
4
Let o(h) = -55*h**3 + 8*h**2 - 5*h + 18. What is the tens digit of o(-6)?
1
Let r(x) = 8*x**2 - 30*x - 126. Let h(z) = -3*z**2 + 11*z + 42. Let m(g) = -11*h(g) - 4*r(g). What is the hundreds digit of m(-13)?
2
Let s(q) = -5*q**3 + 3*q**2 + 38*q + 319. What is the units digit of s(-14)?
5
Suppose 27*t = 50*t - 69. Suppose 3*v - v + 8801 = 5*g, 2*g - 3509 = -t*v. What is the hundreds digit of g?
7
Let h = 15980 + -7660. What is the tens digit of h?
2
Let m be (-62)/93*3*23. Suppose 3*z = -3*a + 377 + 139, -184 = -z - 5*a. Let y = z + m. What is the units digit of y?
3
Let q = -9491 - -16346. What is the tens digit of q?
5
Let m be 315/60*(-4)/(-3). Suppose m*a = -2*a + 3456. What is the hundreds digit of a?
3
Let i(c) = 2*c**2 + 6*c - 7. Let v be 3/(-6)*(-1 + -5). Let l be i(v). Let u = 52 + l. What is the units digit of u?
1
Let n(g) = 87*g**2 - 28*g + 71. Let b be n(3). Suppose -103*r = -114*r + b. What is the units digit of r?
0
Let b be (4 + 60/(-24))*1054/3. Let c = 1225 - b. What is the units digit of c?
8
Let o = 72190 - 45555. What is the ten thousands digit of o?
2
Let n = -6805 - -10163. What is the hundreds digit of n?
3
Suppose -2*v - 2 = -s - 0, -5 = 5*s + 5*v. Suppose s = -14*i + 6*i + 4192. What is the units digit of i?
4
Let h(n) = -n**3 - 15*n**2 + n + 21. Let v be h(-15). Suppose v*l = 4*l. Suppose 0 = -f + 5, -4*j - 2*f = -l*j - 314. What is the units digit of j?
6
Let f be (-4131)/(-18) + 1/2. Let c = 163 + f. What is the hundreds digit of c?
3
Let p = 15737 - 7506. What is the hundreds digit of p?
2
Let l = -37 + 46. Let j(g) = -2 + 0 - 4 - l - 7*g. What is the tens digit of j(-6)?
2
Suppose 0 = 5*f + 496 + 254. Let j be (f/40)/(3/(-4)). Suppose 791 = j*c - 79. What is the units digit of c?
4
Suppose 69933 + 17825 + 68251 = 19*g. What is the thousands digit of g?
8
Let t(o) = 552*o - 2300. Let s(l) = 11*l - 46. Let d(c) = -299*s(c) + 6*t(c). What is the hundreds digit of d(21)?
4
Let t(n) be the third derivative of -53*n**4/24 + 106*n**3/3 - 112*n**2. What is the hundreds digit of t(-19)?
2
Let b(y) = -y**2 - 5*y + 14. Let d be b(-7). Let l be d - (-3)/(-6)*-10. Suppose -1045 = -5*t + 2*k, -2*k = l*t - k - 1045. What is the hundreds digit of t?
2
Let g(k) be the second derivative of -3*k**5/20 + k**4/3 - k**3/6 + k**2/2 - 34*k. What is the units digit of g(-3)?
1
Let z(i) = -2*i**3 - 17*i**2 - 10*i. Let y be z(-8). Suppose -c = 2*g - 31, 0 = 2*g + 3*c + c - y. What is the units digit of g?
8
Suppose 46*u - 6589 = 5785. What is the hundreds digit of u?
2
Let c = -1133 + 11153. Suppose 32*a - c = 2*a. What is the hundreds digit of a?
3
Let b(t) = 128*t**2 - 4*t - 1. Let a(h) = -h**2 + 35*h + 38. Let m be a(36). What is the hundreds digit of b(m)?
5
Suppose 3*w + 2*w = q + 115, -w - 3*q = -39. Let n(d) be the second derivative of -d**4/12 + 13*d**3/3 + 27*d**2 - 1163*d. What is the hundreds digit of n(w)?
1
Let j be (((-224)/77)/8)/(2/(-11)). Suppose -2*z = t - 635, 6*t = j*z + 2*t - 630. What is the hundreds digit of z?
3
Suppose -14*z + 115 = -53. Suppose 0 